ppose 5*t + 5 = 5*f - 15, -17 = -3*f - 2*t. Suppose f - 41 = -4*g. Calculate the highest common factor of k and g.
9
Suppose u + 93 = 2*t - 0*t, 0 = u + 5. Let g = 18 - 7. Suppose -q - g = -2*q. Calculate the greatest common factor of q and t.
11
Let n be 1/(-2)*40/(-5). Suppose x + 3 = 8. Suppose 0 = -c + n*d + 19, c - 5*d - x - 18 = 0. Calculate the highest common divisor of c and 15.
3
Suppose o + 0*o = 12. Let q be 1/4 - 198/(-8). Suppose -q = -i + 107. Calculate the greatest common divisor of i and o.
12
Let k(c) = c**3 + 5*c**2 - 2*c + 4. Let q be k(-4). Let o be 45*2/20*q. Calculate the greatest common factor of 14 and o.
14
Suppose -o - 51 = -2*o + 5*y, 4*y = 5*o - 255. Calculate the highest common factor of o and 17.
17
Let p(r) = r**2 + 6*r - 4. Let w be p(-8). Let y = 4 + -4. Suppose -4*m + 2*a + 2*a + 452 = y, a + 329 = 3*m. Calculate the greatest common divisor of w and m.
12
Suppose u - 2 = -2*b, 2*b - 9 = 5*b. Calculate the greatest common divisor of u and 56.
8
Suppose 0*x - 4*x + 12 = 0. Suppose 0 = -0*h + x*h. Suppose 3*f - 2*p - p = 90, h = 4*f + 2*p - 96. Calculate the greatest common factor of 104 and f.
26
Suppose -2*z - 10 = 0, -z - 46 = -2*w + 3*z. Let i = 17 - w. Calculate the highest common divisor of 2 and i.
2
Let s(p) = -p**2 - 8*p + 15. Let v be s(-8). What is the highest common divisor of v and 105?
15
Let p be -4*1*(-1 - (7 + 0)). Calculate the greatest common factor of 4 and p.
4
Let o be 4/(-6)*(1 - 4). Let j = o + -4. Let w(q) = -3*q**3 - 3*q**2 - 2*q + 2. Let u be w(j). What is the greatest common factor of u and 45?
9
Suppose 8*c - 20 = 3*c. Suppose 2*q + 0 = 4. Suppose 2*p + 18 = 2*n - q*p, 5*n = -c*p + 3. What is the greatest common factor of n and 3?
3
Suppose -2*l + 30 = -0*l. Let p be ((-35)/(-14))/((-2)/(-132)). What is the greatest common factor of p and l?
15
Let n be (3 - 0 - 3) + 203 + -3. Calculate the greatest common factor of 25 and n.
25
Let m be 6 - 3 - (-1 - 102). Let w = 2 + m. Calculate the highest common divisor of 12 and w.
12
Let j(l) = 2*l + 6. Let x(i) = 3*i + 13. Let w(z) = 5*j(z) - 3*x(z). Let d be w(10). What is the greatest common factor of d and 7?
1
Let d(l) = -l**2 + 5*l - 2. Let u be d(2). Let j be 26/7 + u/14. Let r be (-1 - 0)*20/(-2). What is the greatest common divisor of j and r?
2
Suppose 3*j - 7 = i, -2*i + 17 = -i + 5*j. Let u be (-10)/(-4) - i/4. Let z(f) = 6*f**2. Let x be z(u). Calculate the highest common divisor of 8 and x.
8
Let v(f) = 3*f + 8*f**2 - 10*f + 3 + f**3 - 2*f. Let i be v(-9). Suppose 43 = 5*s + i*t, s + 2*s + 5*t = 13. What is the highest common divisor of 55 and s?
11
Let g = -55 - -82. Calculate the greatest common factor of 9 and g.
9
Suppose -5*b + 4 = -2*n, 3*b - 1 = 5*n - 10. What is the highest common divisor of b and 5?
1
Let q = -8 + 16. Suppose -16 = -3*k + 2*p + 10, 3*p - 21 = -3*k. Calculate the highest common factor of k and q.
8
Suppose 4*j = -0*j + 184. Calculate the highest common divisor of j and 115.
23
Suppose -2*u + 1 = n - 6*n, 3*n - u = 0. Let m be (3*(-78)/(-9))/n. Let x(s) = 4*s**2 + s. Let h be x(3). Calculate the highest common factor of m and h.
13
Suppose x - i + 3*i - 38 = 0, 0 = -3*x - 4*i + 108. Suppose 0 = 4*c - x - 88. What is the greatest common divisor of c and 15?
15
Let m(x) = x**2 + 5*x - 4. Let a(f) = -1. Let d(w) = 5*a(w) - m(w). Let u be d(-2). What is the greatest common factor of u and 15?
5
Suppose 4*f - 2*z - 15 = 21, 2*z + 4 = 0. Let n(w) = w**2 - 2*w. Let y be n(2). Suppose u + u - 8 = y. What is the highest common divisor of f and u?
4
Let f = -215 + 311. Calculate the greatest common factor of 12 and f.
12
Let y = -41 + 11. Let l be y/5*2/(-3). Suppose l*o - z = 22, -1 - 3 = -2*o + 4*z. Calculate the greatest common factor of 15 and o.
3
Let f(p) = -2*p**2 + 2. Let k be f(-3). Let r = k - -37. Suppose 0 = 2*t - r - 19. What is the greatest common divisor of t and 4?
4
Let r be 1 - (-13 + (0 - -4)). Calculate the greatest common factor of 30 and r.
10
Suppose -6*s - 4 = -22. What is the greatest common divisor of s and 3?
3
Suppose 9 = 3*g, -4*g + 15 + 0 = f. Let k = f + -1. Let v be 17 - (0 - -2)/k. Calculate the highest common divisor of v and 4.
4
Let y = -25 + 26. Calculate the highest common divisor of y and 11.
1
Suppose 0 = -0*b + 4*b - 8, 5*b - 26 = 2*d. Let l(i) = -2*i - 10. Let x be l(d). Calculate the highest common factor of 66 and x.
6
Suppose -2 = -3*d - d - 2*q, q - 1 = 2*d. Let m be 17 + d + 1 - 1. Calculate the greatest common factor of 68 and m.
17
Let z(d) = 2*d**2 - 13*d + 34. Let m be z(-8). What is the greatest common divisor of 38 and m?
38
Suppose 35 = -c + 5*t + 109, -134 = -2*c + 3*t. Calculate the greatest common divisor of 160 and c.
32
Let i(q) = 33*q + 3. Let t be i(7). Suppose 30 = 2*s - 4*k - 18, 2*k - 80 = -3*s. What is the highest common factor of t and s?
26
Let a be -4 + 2 + -3 + 12. What is the greatest common factor of a and 7?
7
Suppose 5*q + 157 = 5*w + 32, -2*q + 10 = 0. Calculate the highest common factor of 12 and w.
6
Let b = -27 - -13. Let k be (-2)/(-7) + (-1186)/b. Let d = -14 + 48. Calculate the highest common factor of k and d.
17
Suppose -b - 3*u = -23, b + 0*b + 5*u = 29. Suppose 4*x = 129 - 17. What is the greatest common factor of b and x?
14
Let r = 24 + -8. Calculate the highest common divisor of 40 and r.
8
Let t = 27 + -11. What is the highest common divisor of t and 112?
16
Suppose -x + 3 = -2, 0 = -z + 2*x - 18. Let i be (2/(-4))/(2/z). Suppose -i*r + r = -15. What is the greatest common divisor of r and 10?
5
Let g(b) be the first derivative of -b**2/2 + 7*b + 1. Let x be g(0). What is the greatest common divisor of 7 and x?
7
Let h(f) = f - 6. Let c be h(9). Suppose 0 = c*p - 2 - 1. Calculate the highest common factor of p and 1.
1
Suppose q - 21 = 5*z, -5*q + 5*z = -0*q - 85. What is the greatest common factor of q and 96?
16
Let o(u) = u**3 - 7*u**2 + 6*u - 17. Let t be o(7). Let m(h) = 70*h**2 - 3*h + 1. Let v be m(2). Calculate the highest common divisor of t and v.
25
Suppose -22 = 3*z + 26. Let n = z - -26. What is the greatest common factor of n and 70?
10
Let b be 3/(-15) - (-392)/10. Suppose -5*d + 32 = -4*o + 136, -5*o + 130 = d. Calculate the highest common divisor of b and o.
13
Let w(t) = 4*t**2 - 1. Let a be (4*2/4)/2. Let k be w(a). Suppose 24 = -2*q + 6*q. What is the greatest common divisor of q and k?
3
Let h = -15 + 30. What is the greatest common factor of 90 and h?
15
Let b be (0 + 25/(-2))*-4. Let c(m) = m - 1. Let l be c(2). Let y be 3 - (2 + l) - -10. Calculate the greatest common factor of y and b.
10
Suppose -3*f = 4*t - 107, f - 3*f = -2. What is the greatest common factor of 208 and t?
26
Let j(k) = k**3 + 16*k**2 + 7*k + 6. Let g be (0 + 5)/(3/(-9)). Let h be j(g). What is the greatest common divisor of 14 and h?
14
Let b be (1 + 1)/((-2)/(-269)). Suppose -5*f = -5*z - 525, b = 5*f - 4*z - 253. Suppose -4*a - 6 + f = 0. Calculate the highest common divisor of 8 and a.
8
Suppose 0*k - 5*k - 15 = -5*i, 3*k = 0. Suppose -37 = -2*m - 5*z, m + 9 = -0*m + i*z. Suppose 10*y - 5*y = 20. Calculate the greatest common divisor of y and m.
2
Suppose 4 = 3*q - 5. Suppose 7*j - 4*j - 12 = 0. Let v be (-28)/1*(-3)/j. What is the greatest common factor of q and v?
3
Let b be 2 + 0/2 + 1. Suppose 5*k - b*k - 30 = 0. Calculate the highest common factor of k and 10.
5
Let b = -7 - -10. Let p(t) = t**3 + t**2 + 2*t + 2. Let o be p(4). Suppose -2*x + o = 3*x. What is the greatest common factor of b and x?
3
Let s be 3*(-4 + 1 - -6). Suppose 4*j = 2*j + 4. Let a = 3 - j. Calculate the greatest common factor of a and s.
1
Let g be 4*(0 - (-2)/4). Suppose -g*d + 3*d = 99. Let u = -48 - -59. What is the greatest common divisor of u and d?
11
Suppose -4*l + 145 + 3 = -3*x, 5*x - 3*l = -265. Let i(a) = a**2 - 5*a + 2. Let t be i(6). Let w = t - x. Calculate the highest common divisor of w and 8.
8
Let p be (-5 - 1)/(9/(-27)). What is the greatest common factor of p and 126?
18
Suppose -3*t + 6*t = -3*x + 21, 5*t - 23 = -x. Let l be ((-566)/6)/(1/x). Let a be l/(-5) + 4/10. What is the highest common divisor of 19 and a?
19
Let h = 13 - 11. Suppose 3*u + 3*k = 7*k + 7, -8 = -2*u + h*k. What is the highest common factor of 9 and u?
9
Let 